e prime factors of 14062536?
2, 3, 17, 11489
List the prime factors of 1612845725.
5, 37, 367, 4751
List the prime factors of 427591603.
499, 856897
What are the prime factors of 466985447?
2917, 160091
What are the prime factors of 111512140?
2, 5, 19, 293453
List the prime factors of 11707729.
11, 1064339
What are the prime factors of 8036770?
2, 5, 7, 29, 37, 107
What are the prime factors of 3033711684?
2, 3, 19, 23, 64279
List the prime factors of 139755631.
281, 497351
What are the prime factors of 415588975?
5, 16623559
List the prime factors of 410735869.
773, 531353
What are the prime factors of 1769606763?
3, 3023, 195127
List the prime factors of 18886432.
2, 590201
What are the prime factors of 1173475898?
2, 7, 17, 59, 193, 433
List the prime factors of 1291889384.
2, 101, 1598873
What are the prime factors of 295308409?
11, 997, 26927
What are the prime factors of 96744352?
2, 19, 159119
List the prime factors of 1159701001.
1159701001
What are the prime factors of 331627295?
5, 181, 366439
List the prime factors of 57228035.
5, 17, 673271
What are the prime factors of 76062331?
29, 593, 4423
What are the prime factors of 163442393?
23, 107, 66413
List the prime factors of 100276779.
3, 71, 470783
List the prime factors of 4616283514.
2, 151, 15285707
List the prime factors of 393742301.
19, 401, 51679
What are the prime factors of 130898671?
130898671
What are the prime factors of 2499163657?
79, 31634983
What are the prime factors of 8675805818?
2, 43, 1973, 51131
What are the prime factors of 98249715?
3, 5, 17, 128431
What are the prime factors of 342931467?
3, 29, 3941741
What are the prime factors of 965774700?
2, 3, 5, 11, 97553
What are the prime factors of 354329899?
7, 11, 4601687
What are the prime factors of 1060359445?
5, 17, 83, 150299
List the prime factors of 1401636406.
2, 61, 113, 293, 347
What are the prime factors of 243934383?
3, 7, 11, 79, 13367
List the prime factors of 16394928.
2, 3, 11, 31051
List the prime factors of 1103203267.
1009, 1093363
What are the prime factors of 7430606522?
2, 3715303261
List the prime factors of 909951743.
19, 47892197
List the prime factors of 562987532.
2, 140746883
List the prime factors of 24244607.
3881, 6247
List the prime factors of 36591424.
2, 571741
List the prime factors of 4137604308.
2, 3, 43, 890957
What are the prime factors of 209740441?
17, 29, 467, 911
What are the prime factors of 2335492671?
3, 2749, 283193
List the prime factors of 2077472118.
2, 3, 346245353
What are the prime factors of 5343606658?
2, 13, 205523333
What are the prime factors of 176648336?
2, 41, 269281
What are the prime factors of 110178589?
110178589
What are the prime factors of 72994237?
1783, 40939
What are the prime factors of 53833536?
2, 3, 19, 4919
What are the prime factors of 5942798710?
2, 5, 41, 227, 63853
What are the prime factors of 309002581?
47, 1709, 3847
What are the prime factors of 129475862?
2, 2207, 29333
List the prime factors of 175383707.
175383707
What are the prime factors of 193299341?
193299341
What are the prime factors of 62218210?
2, 5, 67, 92863
What are the prime factors of 4821679800?
2, 3, 5, 7, 257, 1489
What are the prime factors of 648971749?
23, 37, 762599
List the prime factors of 819040078.
2, 409520039
What are the prime factors of 234220932?
2, 3, 11, 151, 3917
What are the prime factors of 9387264?
2, 3, 17, 719
What are the prime factors of 151924943?
83, 1830421
What are the prime factors of 21528374?
2, 7, 83, 97, 191
What are the prime factors of 203316105?
3, 5, 239, 56713
List the prime factors of 493116626.
2, 246558313
What are the prime factors of 3096015327?
3, 487, 706369
What are the prime factors of 1348676011?
17, 37, 126127
What are the prime factors of 1075301711?
11, 41, 216751
What are the prime factors of 3632901532?
2, 13, 31, 193, 11677
List the prime factors of 478220600.
2, 5, 11, 13, 23, 727
What are the prime factors of 1390559942?
2, 67, 10377313
What are the prime factors of 960123353?
7, 379, 361901
List the prime factors of 1728225485.
5, 7, 47, 1050593
List the prime factors of 46027753.
137, 191, 1759
List the prime factors of 368110691.
13, 79, 227, 1579
List the prime factors of 39484279.
79, 499801
What are the prime factors of 77468119?
1759, 44041
What are the prime factors of 761763590?
2, 5, 7, 29, 375253
What are the prime factors of 165589662?
2, 3, 7, 31, 89, 1429
List the prime factors of 878123460.
2, 3, 5, 443, 33037
What are the prime factors of 110389746?
2, 3, 47, 391453
What are the prime factors of 6180222861?
3, 631, 362753
What are the prime factors of 2167202596?
2, 13, 29, 227, 487
List the prime factors of 1174818537.
3, 6907, 18899
List the prime factors of 149126176.
2, 17, 467, 587
List the prime factors of 191484588.
2, 3, 2111, 7559
List the prime factors of 95401348.
2, 7, 17, 43, 59, 79
List the prime factors of 69951177.
3, 7772353
List the prime factors of 13964121.
3, 43, 36083
What are the prime factors of 582905223?
3, 3209, 20183
What are the prime factors of 332699731?
7, 13, 79, 46279
What are the prime factors of 582000790?
2, 5, 7, 8314297
What are the prime factors of 109755211?
523, 209857
List the prime factors of 4163766948.
2, 3, 11, 199, 52837
What are the prime factors of 228343094?
2, 7, 197, 82793
List the prime factors of 61334379.
3, 467, 14593
What are the prime factors of 115655648?
2, 3614239
What are the prime factors of 232005772?
2, 1597, 36319
What are the prime factors of 4646266008?
2, 3, 10781, 17957
What are the prime factors of 87592749?
3, 1607, 18169
What are the prime factors of 175494622?
2, 167, 525433
What are the prime factors of 244750032?
2, 3, 566551
What are the prime factors of 2511730?
2, 5, 13, 139
List the prime factors of 805691270.
2, 5, 5843, 13789
List the prime factors of 1206213042.
2, 3, 97, 2072531
What are the prime factors of 1564432448?
2, 107, 228451
List the prime factors of 185632350.
2, 3, 5, 17, 72797
What are the prime factors of 57177632?
2, 23, 77687
List the prime factors of 4307359121.
13, 479, 691723
List the prime factors of 281862502.
2, 1433, 98347
What are the prime factors of 985240157?
11, 9461, 9467
List the prime factors of 380178696.
2, 3, 97, 163307
What are the prime factors of 285608896?
2, 1607, 2777
What are the prime factors of 8175993?
3, 7, 55619
List the prime factors of 128955202.
2, 1801, 35801
What are the prime factors of 3235728919?
7177, 450847
List the prime factors of 70805781.
3, 7867309
What are the prime factors of 429249357?
3, 83, 574631
What are the prime factors of 567804297?
3, 67, 139, 20323
What are the prime factors of 248614701?
3, 443, 187069
What are the prime factors of 158207056?
2, 7, 1412563
What are the prime factors of 65562743?
65562743
List the prime factors of 119070050.
2, 5, 11, 19681
List the prime factors of 78403349.
3229, 24281
List the prime factors of 281786278.
2, 73, 1930043
What are the prime factors of 26926454?
2, 37, 363871
What are the prime factors of 57798014?
2, 28899007
List the prime factors of 1338648842.
2, 233, 1283, 2239
List the prime factors of 338456234.
2, 19, 487, 18289
List the prime factors of 36754553.
11, 3341323
List the prime factors of 1287884704.
2, 61, 109, 6053
List the prime factors of 2295559931.
7, 29, 11308177
What are the prime factors of 598960353?
3, 97, 757, 2719
What are the prime factors of 65296414?
2, 3697, 8831
What are the prime factors of 120195971?
7, 71, 34549
What are the prime factors of 1674590152?
2, 29, 97, 74413
List the prime factors of 1406155149.
3, 7, 22319923
List the prime factors of 109427027.
109427027
What are the prime factors of 573813547?
19, 739, 40867
List the prime factors of 2242047172.
2, 560511793
List the prime factors of 96122826.
2, 3, 5340157
What are the prime factors of 648175116?
2, 3, 17, 3177329
List the prime factors of 2959135755.
3, 5, 197275717
What are the prime factors of 5148841322?
2, 2574420661
List the prime factors of 1173212719.
7, 29, 83, 179, 389
What are the prime factors of 1563235531?
11, 13, 10931717
List the prime factors of 56871759.
3, 7, 103, 26293
What are the prime factors of 38393869?
3673, 10453
List the prime factors of 341930483.
12689, 26947
W